 is divided by 8?
5
Calculate the remainder when 86 is divided by 43.
0
Calculate the remainder when 64 is divided by 26.
12
Calculate the remainder when 712 is divided by 17.
15
What is the remainder when 12 is divided by 7?
5
What is the remainder when 501 is divided by 50?
1
Calculate the remainder when 229 is divided by 9.
4
What is the remainder when 379 is divided by 377?
2
Calculate the remainder when 73 is divided by 36.
1
What is the remainder when 180 is divided by 63?
54
Calculate the remainder when 311 is divided by 61.
6
What is the remainder when 509 is divided by 81?
23
Calculate the remainder when 50 is divided by 8.
2
What is the remainder when 105 is divided by 12?
9
What is the remainder when 5974 is divided by 1490?
14
Calculate the remainder when 844 is divided by 101.
36
What is the remainder when 6877 is divided by 20?
17
Calculate the remainder when 9138 is divided by 75.
63
Calculate the remainder when 117 is divided by 95.
22
Calculate the remainder when 109 is divided by 29.
22
Calculate the remainder when 2238 is divided by 112.
110
Calculate the remainder when 1929 is divided by 7.
4
What is the remainder when 48 is divided by 27?
21
What is the remainder when 265 is divided by 25?
15
Calculate the remainder when 1090 is divided by 52.
50
What is the remainder when 444 is divided by 58?
38
Calculate the remainder when 3430 is divided by 88.
86
What is the remainder when 2551 is divided by 95?
81
Calculate the remainder when 4603 is divided by 98.
95
What is the remainder when 159 is divided by 37?
11
Calculate the remainder when 1522 is divided by 14.
10
Calculate the remainder when 105 is divided by 25.
5
Calculate the remainder when 335 is divided by 21.
20
What is the remainder when 1554 is divided by 208?
98
Calculate the remainder when 2280 is divided by 756.
12
Calculate the remainder when 153 is divided by 28.
13
Calculate the remainder when 4899 is divided by 140.
139
What is the remainder when 3154 is divided by 262?
10
Calculate the remainder when 4967 is divided by 12.
11
Calculate the remainder when 862 is divided by 12.
10
What is the remainder when 219 is divided by 68?
15
What is the remainder when 300 is divided by 80?
60
Calculate the remainder when 3026 is divided by 30.
26
What is the remainder when 20941 is divided by 37?
36
Calculate the remainder when 276 is divided by 189.
87
What is the remainder when 480 is divided by 137?
69
Calculate the remainder when 180 is divided by 7.
5
Calculate the remainder when 3238 is divided by 79.
78
Calculate the remainder when 404 is divided by 11.
8
Calculate the remainder when 205 is divided by 35.
30
What is the remainder when 3599 is divided by 34?
29
Calculate the remainder when 6530 is divided by 46.
44
What is the remainder when 176 is divided by 30?
26
Calculate the remainder when 124 is divided by 18.
16
Calculate the remainder when 412 is divided by 403.
9
Calculate the remainder when 170 is divided by 36.
26
What is the remainder when 44 is divided by 28?
16
Calculate the remainder when 50 is divided by 11.
6
What is the remainder when 55 is divided by 8?
7
Calculate the remainder when 1279 is divided by 3.
1
What is the remainder when 1340 is divided by 268?
0
Calculate the remainder when 6159 is divided by 110.
109
Calculate the remainder when 1309 is divided by 131.
130
Calculate the remainder when 1038 is divided by 26.
24
Calculate the remainder when 71 is divided by 26.
19
What is the remainder when 2742 is divided by 9?
6
Calculate the remainder when 1403 is divided by 289.
247
What is the remainder when 74 is divided by 26?
22
Calculate the remainder when 6 is divided by 2.
0
What is the remainder when 225 is divided by 59?
48
Calculate the remainder when 365 is divided by 17.
8
What is the remainder when 746 is divided by 227?
65
What is the remainder when 169 is divided by 83?
3
Calculate the remainder when 935 is divided by 233.
3
What is the remainder when 386 is divided by 98?
92
What is the remainder when 995 is divided by 938?
57
What is the remainder when 1415 is divided by 13?
11
What is the remainder when 7732 is divided by 13?
10
What is the remainder when 100 is divided by 53?
47
What is the remainder when 213 is divided by 75?
63
Calculate the remainder when 315 is divided by 79.
78
What is the remainder when 130 is divided by 23?
15
Calculate the remainder when 97 is divided by 36.
25
What is the remainder when 119 is divided by 94?
25
What is the remainder when 34 is divided by 13?
8
What is the remainder when 186 is divided by 26?
4
What is the remainder when 46 is divided by 19?
8
Calculate the remainder when 14 is divided by 7.
0
What is the remainder when 156 is divided by 65?
26
Calculate the remainder when 342 is divided by 49.
48
Calculate the remainder when 118 is divided by 49.
20
What is the remainder when 2393 is divided by 150?
143
What is the remainder when 1259 is divided by 30?
29
What is the remainder when 2675 is divided by 204?
23
Calculate the remainder when 219 is divided by 67.
18
Calculate the remainder when 2335 is divided by 213.
205
Calculate the remainder when 1564 is divided by 27.
25
What is the remainder when 3667 is divided by 366?
7
Calculate the remainder when 959 is divided by 56.
7
What is the remainder when 1015 is divided by 83?
19
What is the remainder when 3295 is divided by 97?
94
What is the remainder when 2127 is divided by 5?
2
What is the remainder when 73 is divided by 64?
9
Calculate the remainder when 1010 is divided by 116.
82
What is the remainder when 771 is divided by 31?
27
What is the remainder when 8996 is divided by 150?
146
What is the remainder when 4937 is divided by 19?
16
What is the remainder when 918 is divided by 135?
108
What is the remainder when 47 is divided by 30?
17
What is the remainder when 127 is divided by 8?
7
What is the remainder when 2981 is divided by 14?
13
What is the remainder when 123 is divided by 6?
3
Calculate the remainder when 166 is divided by 44.
34
Calculate the remainder when 1131 is divided by 113.
1
What is the remainder when 1906 is divided by 106?
104
Calculate the remainder when 1088 is divided by 913.
175
Calculate the remainder when 682 is divided by 38.
36
Calculate the remainder when 256 is divided by 86.
84
Calculate the remainder when 976 is divided by 473.
30
What is the remainder when 250 is divided by 71?
37
What is the remainder when 3004 is divided by 94?
90
What is the remainder when 114 is divided by 63?
51
Calculate the remainder when 6504 is divided by 70.
64
What is the remainder when 100 is divided by 8?
4
What is the remainder when 222 is divided by 54?
6
Calculate the remainder when 598 is divided by 38.
28
What is the remainder when 448 is divided by 75?
73
What is the remainder when 255 is divided by 67?
54
Calculate the remainder when 11968 is divided by 15.
13
Calculate the remainder when 386 is divided by 13.
9
What is the remainder when 237 is divided by 24?
21
Calculate the remainder when 8565 is divided by 18.
15
What is the remainder when 383 is divided by 43?
39
Calculate the remainder when 198 is divided by 87.
24
Calculate the remainder when 415 is divided by 50.
15
What is the remainder when 6 is divided by 2?
0
Calculate the remainder when 89 is divided by 31.
27
Calculate the remainder when 85 is divided by 13.
7
Calculate the remainder when 523 is divided by 31.
27
Calculate the remainder when 304 is divided by 18.
16
Calculate the remainder when 134 is divided by 3.
2
What is the remainder when 1069 is divided by 51?
49
What is the remainder when 171 is divided by 35?
31
What is the remainder when 1983 is divided by 5?
3
What is the remainder when 218 is divided by 41?
13
What is the remainder when 4272 is divided by 213?
12
Calculate the remainder when 271 is divided by 99.
73
What is the remainder when 941 is divided by 30?
11
Calculate the remainder when 912 is divided by 42.
30
Calculate the remainder when 25 is divided by 9.
7
What is the remainder when 53 is divided by 20?
13
What is the remainder when 53 is divided by 47?
6
What is the remainder when 24 is divided by 10?
4
Calculate the remainder when 1588 is divided by 20.
8
Calculate the remainder when 33 is divided by 30.
3
What is